ors of 480026540.
2, 5, 7, 489823
List the prime factors of 464527286.
2, 223, 991, 1051
List the prime factors of 95144706.
2, 3, 65257
What are the prime factors of 4279524?
2, 3, 503, 709
List the prime factors of 1543835899.
19, 2339, 34739
List the prime factors of 2111658448.
2, 43, 3069271
List the prime factors of 26199908.
2, 7, 133673
List the prime factors of 1330373063.
17, 947, 4861
List the prime factors of 5479199685.
3, 5, 1823, 66791
What are the prime factors of 70775308?
2, 211, 83857
List the prime factors of 2945684.
2, 7, 19, 113
List the prime factors of 52654201.
1031, 51071
What are the prime factors of 66146111?
66146111
What are the prime factors of 821260872?
2, 3, 11406401
What are the prime factors of 3878584552?
2, 281, 1151, 1499
List the prime factors of 10487869.
7, 113, 13259
What are the prime factors of 855029682?
2, 3, 13, 405997
List the prime factors of 184493854.
2, 92246927
What are the prime factors of 22684887?
3, 840181
What are the prime factors of 129326886?
2, 3, 13, 43, 12853
List the prime factors of 15580130.
2, 5, 59, 26407
List the prime factors of 1291812940.
2, 5, 11, 23, 23209
List the prime factors of 88933262.
2, 11, 19, 151, 1409
List the prime factors of 345501922.
2, 172750961
List the prime factors of 776074813.
53, 1093, 13397
What are the prime factors of 1318621566?
2, 3, 47, 4675963
What are the prime factors of 793910941?
23, 3823, 9029
List the prime factors of 551801061.
3, 7, 8758747
What are the prime factors of 978118235?
5, 29, 6745643
What are the prime factors of 4381357785?
3, 5, 7, 41, 145391
What are the prime factors of 56760573?
3, 23, 337, 2441
What are the prime factors of 607962643?
15427, 39409
List the prime factors of 19195899.
3, 6398633
What are the prime factors of 249627431?
249627431
List the prime factors of 118382737.
11, 1451, 7417
What are the prime factors of 325063095?
3, 5, 7, 3095839
List the prime factors of 132434883.
3, 7, 19, 31, 43, 83
What are the prime factors of 1897930840?
2, 5, 13, 280759
List the prime factors of 30847362.
2, 3, 7, 13, 1153
List the prime factors of 83811123.
3, 11, 846577
What are the prime factors of 3987487?
7, 23, 24767
What are the prime factors of 43275037?
13, 3328849
List the prime factors of 172630823.
29, 137, 43451
List the prime factors of 543721417.
127, 4281271
What are the prime factors of 48782731?
48782731
List the prime factors of 560897.
560897
List the prime factors of 79956978.
2, 3, 19, 701377
What are the prime factors of 17825869?
1877, 9497
What are the prime factors of 122912628?
2, 3, 10242719
List the prime factors of 759678475.
5, 30387139
List the prime factors of 711402521.
41, 17351281
List the prime factors of 784770910.
2, 5, 7, 11, 8423
What are the prime factors of 79984389?
3, 89, 299567
List the prime factors of 9577418.
2, 53, 90353
List the prime factors of 813752436.
2, 3, 7, 523, 18523
List the prime factors of 133990935.
3, 5, 13, 673, 1021
List the prime factors of 1752409473.
3, 11593, 50387
What are the prime factors of 19790021?
607, 32603
What are the prime factors of 794836223?
47, 16911409
What are the prime factors of 112257450?
2, 3, 5, 313, 797
List the prime factors of 5081683764.
2, 3, 139, 709, 4297
List the prime factors of 736690434.
2, 3, 122781739
What are the prime factors of 192171149?
19, 10114271
What are the prime factors of 18334990?
2, 5, 127, 14437
What are the prime factors of 364238035?
5, 7, 10406801
What are the prime factors of 24484508?
2, 223, 27449
What are the prime factors of 12881796?
2, 3, 227, 4729
What are the prime factors of 67640017?
67640017
List the prime factors of 183660543.
3, 11, 23, 79, 1021
List the prime factors of 1880268105.
3, 5, 125351207
What are the prime factors of 211913892?
2, 3, 31, 189887
What are the prime factors of 1479558890?
2, 5, 73, 127, 15959
List the prime factors of 31216113.
3, 593, 5849
What are the prime factors of 41460162?
2, 3, 6910027
List the prime factors of 50001207.
3, 53, 107, 2939
List the prime factors of 744067402.
2, 13, 28617977
What are the prime factors of 53445183?
3, 11, 1619551
List the prime factors of 538508188.
2, 317, 599, 709
List the prime factors of 67735895.
5, 41, 8059
List the prime factors of 3886466.
2, 1019, 1907
What are the prime factors of 1021829488?
2, 63864343
What are the prime factors of 65197972?
2, 7, 199, 11701
List the prime factors of 278645487.
3, 17, 193, 28309
List the prime factors of 28238860.
2, 5, 13, 313, 347
What are the prime factors of 591951022?
2, 13, 22767347
List the prime factors of 777828675.
3, 5, 13, 797773
List the prime factors of 2854252253.
2854252253
List the prime factors of 16224346.
2, 31, 151, 1733
List the prime factors of 5004487825.
5, 200179513
List the prime factors of 2041397004.
2, 3, 37, 67, 163, 421
What are the prime factors of 2157224031?
3, 97, 2471047
What are the prime factors of 7525247?
7525247
List the prime factors of 247098561.
3, 53, 257, 6047
What are the prime factors of 593946674?
2, 223, 1331719
List the prime factors of 172967268.
2, 3, 23, 626693
What are the prime factors of 28107358?
2, 17, 419, 1973
What are the prime factors of 130795465?
5, 43, 773, 787
List the prime factors of 492758255.
5, 11, 19, 471539
What are the prime factors of 807930543?
3, 7, 41, 61, 15383
What are the prime factors of 130472918?
2, 331, 197089
List the prime factors of 55955994.
2, 3, 457, 20407
What are the prime factors of 59320388?
2, 14830097
List the prime factors of 5077911.
3, 1692637
What are the prime factors of 48933121?
23, 29, 73363
What are the prime factors of 45082064?
2, 2817629
What are the prime factors of 1013364567?
3, 23, 70949
List the prime factors of 874847203.
37, 53, 446123
What are the prime factors of 652371060?
2, 3, 5, 11, 43, 127, 181
What are the prime factors of 219637658?
2, 67, 1639087
List the prime factors of 700650632.
2, 11, 7961939
What are the prime factors of 290803266?
2, 3, 13, 79, 15731
List the prime factors of 698086071.
3, 4793, 16183
List the prime factors of 2385764769.
3, 23, 59, 107, 5477
List the prime factors of 117072488.
2, 13, 43, 47, 557
What are the prime factors of 12791482?
2, 11, 229, 2539
List the prime factors of 1513611976.
2, 12967, 14591
List the prime factors of 16883573.
7, 349, 6911
What are the prime factors of 186832583?
7, 4073, 6553
What are the prime factors of 59772709?
43, 101, 13763
What are the prime factors of 469040288?
2, 23, 637283
List the prime factors of 286524878.
2, 31, 47, 98327
List the prime factors of 105171662.
2, 52585831
What are the prime factors of 2730207304?
2, 11, 71, 436973
What are the prime factors of 7035028225?
5, 11261, 24989
What are the prime factors of 12326823?
3, 152183
What are the prime factors of 42490208?
2, 17, 37, 2111
List the prime factors of 65925898.
2, 17, 1938997
List the prime factors of 4449602881.
977, 4554353
List the prime factors of 1606628811.
3, 535542937
What are the prime factors of 148770657?
3, 7, 197, 11987
List the prime factors of 937809507.
3, 53, 2287, 2579
What are the prime factors of 710957272?
2, 17, 29, 180263
What are the prime factors of 1006431955?
5, 79, 2547929
What are the prime factors of 929441982?
2, 3, 7, 22129571
What are the prime factors of 49187162?
2, 19, 1294399
What are the prime factors of 2716520613?
3, 1087, 833033
What are the prime factors of 972442114?
2, 7, 61, 151, 7541
What are the prime factors of 1397150874?
2, 3, 7, 11088499
What are the prime factors of 4661117074?
2, 101, 271, 85147
List the prime factors of 837192710.
2, 5, 17, 37, 167, 797
List the prime factors of 643829456.
2, 3917, 10273
List the prime factors of 7922402.
2, 59, 67139
List the prime factors of 2218208844.
2, 3, 31, 383, 15569
List the prime factors of 57025882.
2, 1201, 23741
List the prime factors of 2527331830.
2, 5, 252733183
List the prime factors of 657329630.
2, 5, 41, 67, 23929
List the prime factors of 149906861.
13, 3251, 3547
What are the prime factors of 59764258?
2, 23, 1299223
What are the prime factors of 36459210?
2, 3, 5, 71, 17117
List the prime factors of 978353541.
3, 11, 29, 433, 787
What are the prime factors of 423204947?
11, 53, 725909
What are the pr